{"id":29,"date":"2019-05-15T08:21:29","date_gmt":"2019-05-15T07:21:29","guid":{"rendered":"https:\/\/hogaresbethel.com\/sedes\/?page_id=29"},"modified":"2021-05-12T13:17:38","modified_gmt":"2021-05-12T18:17:38","slug":"politica-de-privacidad","status":"publish","type":"page","link":"https:\/\/hogaresbethel.com\/sedes\/politica-de-privacidad\/","title":{"rendered":"Pol\u00edtica de privacidad"},"content":{"rendered":"\n<div class=\"wp-block-image\"><figure class=\"aligncenter\"><img loading=\"lazy\" decoding=\"async\" width=\"1024\" height=\"394\" src=\"https:\/\/hogaresbethel.com\/sedes\/wp-content\/uploads\/2019\/05\/privacypolicy-1300x500-1024x394.jpg\" alt=\"\" class=\"wp-image-30\" srcset=\"https:\/\/hogaresbethel.com\/sedes\/wp-content\/uploads\/2019\/05\/privacypolicy-1300x500-1024x394.jpg 1024w, https:\/\/hogaresbethel.com\/sedes\/wp-content\/uploads\/2019\/05\/privacypolicy-1300x500-300x115.jpg 300w, https:\/\/hogaresbethel.com\/sedes\/wp-content\/uploads\/2019\/05\/privacypolicy-1300x500-768x295.jpg 768w, https:\/\/hogaresbethel.com\/sedes\/wp-content\/uploads\/2019\/05\/privacypolicy-1300x500.jpg 1300w\" sizes=\"(max-width: 1024px) 100vw, 1024px\" \/><\/figure><\/div>\n\n\n\n<p>Centro de Educaci\u00f3n Superior Internacional TALENTUM se compromete a proteger su privacidad. La universidad no vende, alquila, intercambia ni distribuye su direcci\u00f3n de correo electr\u00f3nico o informaci\u00f3n de contacto personal a ning\u00fan tercero. Las personas que suministran sus correos electr\u00f3nicos, n\u00fameros de tel\u00e9fono y \/ o direcciones pueden recibir correos electr\u00f3nicos, tel\u00e9fonos y \/ o contactos de correo electr\u00f3nico de la universidad con respecto a programas acad\u00e9micos, noticias, nuevos productos o servicios, pr\u00f3ximos eventos o promociones. Para fines de control de calidad, las llamadas telef\u00f3nicas realizadas hacia o desde la universidad pueden ser monitoreadas para fines de capacitaci\u00f3n.<\/p>\n\n\n\n<p>A medida que navega por el sitio web de la universidad, se puede recopilar informaci\u00f3n an\u00f3nima no personal sobre su visita, como el tiempo que pas\u00f3 en el sitio web, las p\u00e1ginas visitadas y otra informaci\u00f3n similar. CESIT TALENTUM utiliza esta informaci\u00f3n para ayudar a mejorar y mejorar el contenido y el dise\u00f1o de su sitio web.<\/p>\n\n\n\n<p>Retirarse de nuestras suscripciones<\/p>\n\n\n\n<p>Las personas que ya no deseen recibir correos electr\u00f3nicos o comunicaciones telef\u00f3nicas de CESIT TALENTUM pueden optar por no participar. Para optar por no recibir llamadas o comunicaciones por correo electr\u00f3nico, puede enviar un correo electr\u00f3nico o escribir a la universidad. Aseg\u00farese de proporcionar los correos electr\u00f3nicos y \/ o los n\u00fameros de tel\u00e9fono con los que desea que ya no sea contactado. La universidad actualiza su lista de tel\u00e9fonos y su base de datos de exclusi\u00f3n cada 30 d\u00edas. La universidad actualiza su lista de correo electr\u00f3nico de exclusi\u00f3n y su base de datos cada 15 d\u00edas.<\/p>\n\n\n\n<p>Por correo electr\u00f3nico: cesit.talentum@gmail.com<\/p>\n\n\n\n<p>A la atenci\u00f3n: Salir de Suscripci\u00f3n<\/p>\n\n\n\n<p>Pol\u00edtica de Privacidad de:<\/p>\n\n\n\n<p>Centro de Educaci\u00f3n Superior Internacional TALENTUM respeta el derecho a su privacidad por lo que no se vende, renta, intercambio o distribuci\u00f3n por correo electr\u00f3nico o informaci\u00f3n Personal a ninguna otra entidad. Esta pol\u00edtica se aplica estrictamente a la Universidad. Los mensajes de correo electr\u00f3nico, la direcci\u00f3n, o el tel\u00e9fono se comunicar\u00e1n con la universidad, los medios de comunicaci\u00f3n, la informaci\u00f3n, los servicios, y la informaci\u00f3n sobre los programas de CESIT TALENTUM. Para prop\u00f3sitos de control de calidad y entrenamiento, las llamadas personales y la universidad pueden ser monitoreadas.<\/p>\n\n\n\n<p>La direcci\u00f3n de nuestro sitio web es: https:\/\/hogaresbethel.com\/sedes.<\/p>\n\n\n\n<p>Qu\u00e9 datos personales recopilamos y por qu\u00e9 los recopilamos.<\/p>\n\n\n\n<p>Comentarios<\/p>\n\n\n\n<p>Cuando los visitantes dejan comentarios en el sitio, recopilamos los datos que se muestran en el formulario de comentarios, y tambi\u00e9n la direcci\u00f3n IP del visitante y la cadena del agente del usuario del navegador para ayudar a la detecci\u00f3n de spam.<\/p>\n\n\n\n<p>Se puede proporcionar una cadena an\u00f3nima creada a partir de su direcci\u00f3n de correo electr\u00f3nico (tambi\u00e9n llamada hash) al servicio Gravatar para ver si la est\u00e1 utilizando. La pol\u00edtica de privacidad del servicio Gravatar est\u00e1 disponible aqu\u00ed: https:\/\/automattic.com\/privacy\/. Despu\u00e9s de la aprobaci\u00f3n de su comentario, su imagen de perfil es visible al p\u00fablico en el contexto de su comentario.<\/p>\n\n\n\n<p>Medios de comunicaci\u00f3n<\/p>\n\n\n\n<p>Si carga im\u00e1genes en el sitio web, debe evitar cargar im\u00e1genes con datos de ubicaci\u00f3n incorporados (GPS EXIF) incluidos. Los visitantes del sitio web pueden descargar y extraer los datos de ubicaci\u00f3n de las im\u00e1genes en el sitio web.<\/p>\n\n\n\n<p>Formularios de contacto<\/p>\n\n\n\n<p>Galletas<\/p>\n\n\n\n<p>Si deja un comentario en nuestro sitio, puede optar por guardar su nombre, direcci\u00f3n de correo electr\u00f3nico y sitio web en cookies. Estos son para su conveniencia para que no tenga que completar sus datos nuevamente cuando deje otro comentario. Estas cookies durar\u00e1n un a\u00f1o.<\/p>\n\n\n\n<p>Si tiene una cuenta e inicia sesi\u00f3n en este sitio, estableceremos una cookie temporal para determinar si su navegador acepta cookies. Esta cookie no contiene datos personales y se descarta al cerrar su navegador.<\/p>\n\n\n\n<p>Cuando inicie sesi\u00f3n, tambi\u00e9n configuraremos varias cookies para guardar su informaci\u00f3n de inicio de sesi\u00f3n y las opciones de visualizaci\u00f3n de su pantalla. Las cookies de inicio de sesi\u00f3n duran dos d\u00edas y las cookies de opciones de pantalla duran un a\u00f1o. Si selecciona \u201cRecordarme\u201d, su inicio de sesi\u00f3n persistir\u00e1 durante dos semanas. Si se desconecta de su cuenta, se eliminar\u00e1n las cookies de inicio de sesi\u00f3n.<\/p>\n\n\n\n<p>Si edita o publica un art\u00edculo, se guardar\u00e1 una cookie adicional en su navegador. Esta cookie no incluye datos personales y simplemente indica el ID de publicaci\u00f3n del art\u00edculo que acaba de editar. Vence despu\u00e9s de 1 d\u00eda.<\/p>\n\n\n\n<p>Contenido incrustado de otros sitios web<\/p>\n\n\n\n<p>Los art\u00edculos en este sitio pueden incluir contenido incrustado (por ejemplo, videos, im\u00e1genes, art\u00edculos, etc.). El contenido incorporado de otros sitios web se comporta de la misma manera que si el visitante hubiera visitado el otro sitio web.<\/p>\n\n\n\n<p>Estos sitios web pueden recopilar datos sobre usted, usar cookies, incrustar el seguimiento de terceros adicionales y monitorear su interacci\u00f3n con ese contenido incrustado, incluido el seguimiento de su interacci\u00f3n con el contenido incrustado si tiene una cuenta y est\u00e1 registrado en ese sitio web.<\/p>\n\n\n\n<p>Anal\u00edtica<\/p>\n\n\n\n<p>Con qui\u00e9n compartimos sus datos<\/p>\n\n\n\n<p>Cu\u00e1nto tiempo conservamos sus datos<\/p>\n\n\n\n<p>Si deja un comentario, el comentario y sus metadatos se conservan indefinidamente. Esto es para que podamos reconocer y aprobar cualquier comentario de seguimiento autom\u00e1ticamente en lugar de mantenerlos en una cola de moderaci\u00f3n.<\/p>\n\n\n\n<p>Para los usuarios que se registran en nuestro sitio web (si corresponde), tambi\u00e9n almacenamos la informaci\u00f3n personal que proporcionan en su perfil de usuario. Todos los usuarios pueden ver, editar o eliminar su informaci\u00f3n personal en cualquier momento (excepto que no pueden cambiar su nombre de usuario). Los administradores del sitio web tambi\u00e9n pueden ver y editar esa informaci\u00f3n.<\/p>\n\n\n\n<p>Qu\u00e9 derechos tienes sobre tus datos<\/p>\n\n\n\n<p>Si tiene una cuenta en este sitio o ha dejado comentarios, puede solicitar recibir un archivo exportado de los datos personales que tenemos sobre usted, incluidos los datos que nos haya proporcionado. Tambi\u00e9n puede solicitar que borremos cualquier informaci\u00f3n personal que tengamos sobre usted. Esto no incluye ning\u00fan dato que estemos obligados a conservar con fines administrativos, legales o de seguridad.<\/p>\n\n\n\n<p>Donde enviamos tus datos<\/p>\n\n\n\n<p>Los comentarios de los visitantes pueden verificarse a trav\u00e9s de un servicio automatizado de detecci\u00f3n de spam.<\/p>\n\n\n\n<p>Tu informaci\u00f3n de contacto<\/p>\n\n\n\n<p>Informaci\u00f3n Adicional<\/p>\n\n\n\n<p>C\u00f3mo protegemos sus datos<\/p>\n\n\n\n<p>Qu\u00e9 procedimientos de violaci\u00f3n de datos tenemos implementados<\/p>\n\n\n\n<p>De qu\u00e9 terceros recibimos datos<\/p>\n\n\n\n<p>\u00bfQu\u00e9 toma de decisiones y \/ o perfil automatizado hacemos con los datos del usuario?<\/p>\n\n\n\n<p>Requisitos de divulgaci\u00f3n reglamentarios de la industria<\/p>\n\n\n\n<p>Declaraci\u00f3n de Copyright<\/p>\n\n\n\n<p>\u00a9 2018 \u2013 2019 Centro de Educaci\u00f3n Superior Internacional TALENTUM. Todos los derechos reservados. Le invitamos a ver los contenidos de este sitio web. Sin embargo, todo el contenido, el c\u00f3digo fuente y los gr\u00e1ficos en este dominio (www.centrodeeducacionsuperior.com) est\u00e1n protegidos por las leyes de derechos de autor internacionales y de los EE. UU. y Colombia, Los tratados internacionales de derechos de autor, as\u00ed como otras leyes y tratados de propiedad intelectual. Todos los derechos, t\u00edtulos e intereses en el c\u00f3digo fuente (incluidos, entre otros, cualquier texto, escritura, gr\u00e1ficos, c\u00f3digo fuente HTML, dise\u00f1o y dise\u00f1o de p\u00e1gina, y fotograf\u00edas) son creados por Centro de Educaci\u00f3n Superior Internacional TALENTU son propiedad de Centro de Educaci\u00f3n Superior Internacional TALENTUM a menos que se indique expl\u00edcitamente . Ninguno de los contenidos, dise\u00f1os, datos, software y c\u00f3digo fuente subyacente en este dominio (CESIT TALENTUM.edu) se puede descargar, reproducir, volver a publicar, publicar, realizar, distribuir, transmitir, transferir, traducir, vender o modificar. Sin el permiso expreso por escrito de Centro de Educaci\u00f3n Superior Internacional TALENTUM. Centro de Educaci\u00f3n Superior Internacional TALENTUM no dudar\u00e1 en emprender acciones legales contra cualquier persona que se encuentre en violaci\u00f3n de este derecho de autor. Seg\u00fan la Ley de Derecho de Autor de los EE. UU.y Colombia, El autor de una obra creativa posee autom\u00e1ticamente los derechos de autor de esa obra una vez creada. No se requiere registro formal; La propiedad es inmediata. La propiedad de los derechos de autor le otorga al propietario derechos exclusivos en ese trabajo, como el derecho a mostrar, reproducir, transmitir, crear trabajos derivados, realizar p\u00fablicamente, distribuir y licenciar el trabajo creativo. Un propietario de derechos de autor que ha sido v\u00edctima de una infracci\u00f3n de derechos de autor tiene derecho a recuperar da\u00f1os y beneficios reales del infractor o da\u00f1os legales de hasta $ 30,000 (USD) por cada violaci\u00f3n. Centro de Educaci\u00f3n Superior Internacional TALENTUM no dudar\u00e1 en emprender acciones legales contra cualquier persona que se encuentre en violaci\u00f3n de este derecho de autor. Seg\u00fan la Ley de Derecho de Autor de los EE. UU.y Colombia, El autor de una obra creativa posee autom\u00e1ticamente los derechos de autor de esa obra una vez creada. No se requiere registro formal; La propiedad es inmediata. La propiedad de los derechos de autor le otorga al propietario derechos exclusivos en ese trabajo, como el derecho a mostrar, reproducir, transmitir, crear trabajos derivados, realizar p\u00fablicamente, distribuir y licenciar el trabajo creativo. Un propietario de derechos de autor que ha sido v\u00edctima de una infracci\u00f3n de derechos de autor tiene derecho a recuperar da\u00f1os y beneficios reales del infractor o da\u00f1os legales de hasta $ 30,000 (USD) por cada violaci\u00f3n. Centro de Educaci\u00f3n Superior Internacional TALENTUM no dudar\u00e1 en emprender acciones legales contra cualquier persona que se encuentre en violaci\u00f3n de este derecho de autor. Seg\u00fan la Ley de Derecho de Autor de los EE. UU.y Colombia, El autor de una obra creativa posee autom\u00e1ticamente los derechos de autor de esa obra una vez creada. No se requiere registro formal; La propiedad es inmediata. La propiedad de los derechos de autor le otorga al propietario derechos exclusivos en ese trabajo, como el derecho a mostrar, reproducir, transmitir, crear trabajos derivados, realizar p\u00fablicamente, distribuir y licenciar el trabajo creativo. Un propietario de derechos de autor que ha sido v\u00edctima de una infracci\u00f3n de derechos de autor tiene derecho a recuperar da\u00f1os y beneficios reales del infractor o da\u00f1os legales de hasta $ 30,000 (USD) por cada violaci\u00f3n. Seg\u00fan la Ley de Derecho de Autor de los EE. UU., El autor de una obra creativa posee autom\u00e1ticamente los derechos de autor de esa obra una vez creada. No se requiere registro formal; La propiedad es inmediata. La propiedad de los derechos de autor le otorga al propietario derechos exclusivos en ese trabajo, como el derecho a mostrar, reproducir, transmitir, crear trabajos derivados, realizar p\u00fablicamente, distribuir y licenciar el trabajo creativo. Un propietario de derechos de autor que ha sido v\u00edctima de una infracci\u00f3n de derechos de autor tiene derecho a recuperar da\u00f1os y beneficios reales del infractor o da\u00f1os legales de hasta $ 30,000 (USD) por cada violaci\u00f3n. Seg\u00fan la Ley de Derecho de Autor de los EE. UU.y Colombia, El autor de una obra creativa posee autom\u00e1ticamente los derechos de autor de esa obra una vez creada. No se requiere registro formal; La propiedad es inmediata. La propiedad de los derechos de autor le otorga al propietario derechos exclusivos en ese trabajo, como el derecho a mostrar, reproducir, transmitir, crear trabajos derivados, realizar p\u00fablicamente, distribuir y licenciar el trabajo creativo. Un propietario de derechos de autor que ha sido v\u00edctima de una infracci\u00f3n de derechos de autor tiene derecho a recuperar da\u00f1os y beneficios reales del infractor o da\u00f1os legales de hasta $ 30,000 (USD) por cada violaci\u00f3n. La propiedad de los derechos de autor le otorga al propietario derechos exclusivos en ese trabajo, como el derecho a mostrar, reproducir, transmitir, crear trabajos derivados, realizar p\u00fablicamente, distribuir y licenciar el trabajo creativo. Un propietario de derechos de autor que ha sido v\u00edctima de una infracci\u00f3n de derechos de autor tiene derecho a recuperar da\u00f1os y beneficios reales del infractor o da\u00f1os legales de hasta $ 30,000 (USD) por cada violaci\u00f3n. La propiedad de los derechos de autor le otorga al propietario derechos exclusivos en ese trabajo, como el derecho a mostrar, reproducir, transmitir, crear trabajos derivados, realizar p\u00fablicamente, distribuir y licenciar el trabajo creativo. Un propietario de derechos de autor que ha sido v\u00edctima de una infracci\u00f3n de derechos de autor tiene derecho a recuperar da\u00f1os y beneficios reales del infractor o da\u00f1os legales de hasta $ 30,000 (USD) por cada violaci\u00f3n.<br><\/p>\n","protected":false},"excerpt":{"rendered":"<p>Centro de Educaci\u00f3n Superior Internacional TALENTUM se compromete a proteger su privacidad. La universidad no vende, alquila, intercambia ni distribuye su direcci\u00f3n de correo electr\u00f3nico o informaci\u00f3n de contacto personal a ning\u00fan tercero. Las personas que suministran sus correos electr\u00f3nicos, n\u00fameros de tel\u00e9fono y \/ o direcciones pueden recibir correos electr\u00f3nicos, tel\u00e9fonos y \/ o &#8230; <a title=\"Pol\u00edtica de privacidad\" class=\"read-more\" href=\"https:\/\/hogaresbethel.com\/sedes\/politica-de-privacidad\/\" aria-label=\"M\u00e1s en Pol\u00edtica de privacidad\">Leer m\u00e1s<\/a><\/p>\n","protected":false},"author":1,"featured_media":0,"parent":0,"menu_order":0,"comment_status":"closed","ping_status":"closed","template":"","meta":{"footnotes":""},"_links":{"self":[{"href":"https:\/\/hogaresbethel.com\/sedes\/wp-json\/wp\/v2\/pages\/29"}],"collection":[{"href":"https:\/\/hogaresbethel.com\/sedes\/wp-json\/wp\/v2\/pages"}],"about":[{"href":"https:\/\/hogaresbethel.com\/sedes\/wp-json\/wp\/v2\/types\/page"}],"author":[{"embeddable":true,"href":"https:\/\/hogaresbethel.com\/sedes\/wp-json\/wp\/v2\/users\/1"}],"replies":[{"embeddable":true,"href":"https:\/\/hogaresbethel.com\/sedes\/wp-json\/wp\/v2\/comments?post=29"}],"version-history":[{"count":0,"href":"https:\/\/hogaresbethel.com\/sedes\/wp-json\/wp\/v2\/pages\/29\/revisions"}],"wp:attachment":[{"href":"https:\/\/hogaresbethel.com\/sedes\/wp-json\/wp\/v2\/media?parent=29"}],"curies":[{"name":"wp","href":"https:\/\/api.w.org\/{rel}","templated":true}]}}