{"id":4248,"date":"2022-09-29T00:29:09","date_gmt":"2022-09-29T05:29:09","guid":{"rendered":"https:\/\/hogaresbethel.com\/sedes\/?page_id=4248"},"modified":"2022-09-29T16:02:07","modified_gmt":"2022-09-29T21:02:07","slug":"trabaje-con-nosotros","status":"publish","type":"page","link":"https:\/\/hogaresbethel.com\/sedes\/trabaje-con-nosotros\/","title":{"rendered":"L\u00edderes Contra las Adicciones &#8211; Trabaje con Nosotros &#8211; con o sin tiempo libre"},"content":{"rendered":"<p>[vc_row][vc_column][vc_column_text]<\/p>\n<h1 style=\"text-align: center;\">SI USTED ES UN LIDER EN EL CAMPO DE LAS ADICCIONES O TRABAJA EN ESTE SECTOR<\/h1>\n<h2 style=\"text-align: center;\">LE TENEMOS UNA PROPUESTA<\/h2>\n<p>[\/vc_column_text][vc_single_image image=&#8221;4271&#8243; img_size=&#8221;full&#8221; alignment=&#8221;center&#8221;][\/vc_column][\/vc_row][vc_row][vc_column][vc_column_text]<\/p>\n<h1><strong>PROPUESTA 1\u00a0<\/strong><\/h1>\n<p><span style=\"font-weight: 400;\">No todas las personas que padecen problemas de consumo de sustancias psicoactivas est\u00e1n en capacidad o tienen la voluntad para internarse o en caso de los menores de edad en ocasiones sus padres no est\u00e1n de acuerdo en qu\u00e9 su hijo comparta vivencias con personas de complejidades mayores<\/span><span style=\"font-weight: 400;\">\u00a0<\/span><\/p>\n<ul>\n<li><span style=\"font-weight: 400;\"> \u00a0 \u00a0 \u00a0 \u00a0 <\/span><span style=\"font-weight: 400;\">Hay personas con responsabilidad de un hogar o trabajos que no pueden abandonar para tomar un tratamiento interno<\/span><\/li>\n<\/ul>\n<ul>\n<li><span style=\"font-weight: 400;\"> \u00a0 \u00a0 \u00a0 \u00a0 <\/span><span style=\"font-weight: 400;\">existen casos de profesional de profesionales o universitarios que tampoco est\u00e1n en posibilidad de abandonar sus actividades normales para someterse a un tratamiento interno<\/span><\/li>\n<\/ul>\n<ul>\n<li><span style=\"font-weight: 400;\"> \u00a0 \u00a0 \u00a0 \u00a0 <\/span><span style=\"font-weight: 400;\">hay pacientes internos que definitivamente han tomado la decisi\u00f3n de abandonar proceso<\/span><\/li>\n<\/ul>\n<ul>\n<li><span style=\"font-weight: 400;\"> \u00a0 \u00a0 \u00a0 \u00a0 <\/span><span style=\"font-weight: 400;\">hay Pacientes que termina su tratamiento y desean hacer un desprendimiento gradual fuera del internado\u00a0<\/span><\/li>\n<li><span style=\"font-weight: 400;\"> \u00a0 \u00a0 \u00a0 \u00a0 <\/span><span style=\"font-weight: 400;\">Hay pacientes que solo desean realizar su desintoxicaci\u00f3n interna y continuar con ambulatorio<\/span><\/li>\n<\/ul>\n<ul>\n<li><span style=\"font-weight: 400;\"> \u00a0 \u00a0 \u00a0 \u00a0 <\/span><span style=\"font-weight: 400;\">Para estos perfiles de pacientes se ha implementado la modalidad de tratamiento personalizado en l\u00ednea <\/span><\/li>\n<\/ul>\n<p><span style=\"font-weight: 400;\">Estamos generando e implementando alianzas estrategias con instituciones l\u00edderes l\u00edderes comunales l\u00edderes sociales directores de instituciones de rehabilitaci\u00f3n terapeutas psiquiatras m\u00e9dicos trabajadores sociales psic\u00f3logos terapeutas ocupacionales y otras carreras afines con el fin de fortalecer v\u00ednculos y ampliar nuestra cobertura a nivel nacional e internacional.\u00a0<\/span><span style=\"font-weight: 400;\">\u00a0<\/span><\/p>\n<p><span style=\"font-weight: 400;\">Si usted tiene potencial para ser parte de nuestra red de aliados para identificar, captar y remitir personas que est\u00e9n pasando por esta problem\u00e1tica y que requieran de nuestros servicios, para concretar acuerdo comun\u00edquese con:<\/span><\/p>\n<p><strong>Richard Olives<\/strong><br \/>\n<strong>Director de Fundaci\u00f3n Hogares Bethel<\/strong><br \/>\n<strong>WhatsApp: +573218618297<\/strong><\/p>\n<p><strong>Link directo a WhatsApp: <a href=\"https:\/\/wa.link\/6xc6kq\">https:\/\/wa.link\/6xc6kq<\/a><\/strong><\/p>\n<p><img loading=\"lazy\" decoding=\"async\" class=\"alignnone size-full wp-image-4268\" src=\"https:\/\/hogaresbethel.com\/sedes\/wp-content\/uploads\/2022\/09\/wa.link_6xc6kq.png\" alt=\"\" width=\"300\" height=\"320\" srcset=\"https:\/\/hogaresbethel.com\/sedes\/wp-content\/uploads\/2022\/09\/wa.link_6xc6kq.png 300w, https:\/\/hogaresbethel.com\/sedes\/wp-content\/uploads\/2022\/09\/wa.link_6xc6kq-281x300.png 281w\" sizes=\"(max-width: 300px) 100vw, 300px\" \/>[\/vc_column_text][vc_column_text]<\/p>\n<h1><strong>PROPUESTA 2<\/strong><\/h1>\n<p>El plan de tratamiento de desintoxicaci\u00f3n en l\u00ednea con asesor\u00eda 100% gratuita, consta de estrategias, h\u00e1bitos alimenticios, dietas y procedimientos naturales para estabilizar los niveles de ansiedad de los consumidores de sustancias psicoactivas.<\/p>\n<p>Te invitamos a ser parte de nuestra gran red de asesores en desintoxicaci\u00f3n\u00a0a nivel nacional e internacional trabajando articuladamente, con grandes beneficios a la sociedad y grandes beneficios a nivel\u00a0personal y empresarial<\/p>\n<p>Ahora reg\u00edstrese en el siguiente formulario y nos comunicaremos con usted lo m\u00e1s pronto posible.[\/vc_column_text][\/vc_column][\/vc_row][vc_row][vc_column][vc_raw_html]JTNDaWZyYW1lJTIwc3JjJTNEJTIyaHR0cHMlM0ElMkYlMkZkb2NzLmdvb2dsZS5jb20lMkZmb3JtcyUyRmQlMkZlJTJGMUZBSXBRTFNjOGQ2aTFONDQ2b2dlZV95SDh4bjFuVFZjRjFMaVN2SHBnRVBPaVNhTVZ2all6NVElMkZ2aWV3Zm9ybSUzRmVtYmVkZGVkJTNEdHJ1ZSUyMiUyMHdpZHRoJTNEJTIyMTAwJTI1JTIyJTIwaGVpZ2h0JTNEJTIyMjMwMCUyMiUyMGZyYW1lYm9yZGVyJTNEJTIyMCUyMiUyMG1hcmdpbmhlaWdodCUzRCUyMjAlMjIlMjBtYXJnaW53aWR0aCUzRCUyMjAlMjIlM0VDYXJnYW5kbyVFMiU4MCVBNiUzQyUyRmlmcmFtZSUzRQ==[\/vc_raw_html][\/vc_column][\/vc_row]<\/p>\n","protected":false},"excerpt":{"rendered":"<p>[vc_row][vc_column][vc_column_text] SI USTED ES UN LIDER EN EL CAMPO DE LAS ADICCIONES O TRABAJA EN ESTE SECTOR LE TENEMOS UNA PROPUESTA [\/vc_column_text][vc_single_image image=&#8221;4271&#8243; img_size=&#8221;full&#8221; alignment=&#8221;center&#8221;][\/vc_column][\/vc_row][vc_row][vc_column][vc_column_text] PROPUESTA 1\u00a0 No todas las personas que padecen problemas de consumo de sustancias psicoactivas est\u00e1n en capacidad o tienen la voluntad para internarse o en caso de los menores de &#8230; <a title=\"L\u00edderes Contra las Adicciones &#8211; Trabaje con Nosotros &#8211; con o sin tiempo libre\" class=\"read-more\" href=\"https:\/\/hogaresbethel.com\/sedes\/trabaje-con-nosotros\/\" aria-label=\"M\u00e1s en L\u00edderes Contra las Adicciones &#8211; Trabaje con Nosotros &#8211; con o sin tiempo libre\">Leer m\u00e1s<\/a><\/p>\n","protected":false},"author":1,"featured_media":0,"parent":0,"menu_order":0,"comment_status":"closed","ping_status":"closed","template":"","meta":{"footnotes":""},"_links":{"self":[{"href":"https:\/\/hogaresbethel.com\/sedes\/wp-json\/wp\/v2\/pages\/4248"}],"collection":[{"href":"https:\/\/hogaresbethel.com\/sedes\/wp-json\/wp\/v2\/pages"}],"about":[{"href":"https:\/\/hogaresbethel.com\/sedes\/wp-json\/wp\/v2\/types\/page"}],"author":[{"embeddable":true,"href":"https:\/\/hogaresbethel.com\/sedes\/wp-json\/wp\/v2\/users\/1"}],"replies":[{"embeddable":true,"href":"https:\/\/hogaresbethel.com\/sedes\/wp-json\/wp\/v2\/comments?post=4248"}],"version-history":[{"count":11,"href":"https:\/\/hogaresbethel.com\/sedes\/wp-json\/wp\/v2\/pages\/4248\/revisions"}],"predecessor-version":[{"id":4272,"href":"https:\/\/hogaresbethel.com\/sedes\/wp-json\/wp\/v2\/pages\/4248\/revisions\/4272"}],"wp:attachment":[{"href":"https:\/\/hogaresbethel.com\/sedes\/wp-json\/wp\/v2\/media?parent=4248"}],"curies":[{"name":"wp","href":"https:\/\/api.w.org\/{rel}","templated":true}]}}